{"id":8,"date":"2022-10-09T10:53:23","date_gmt":"2022-10-09T08:53:23","guid":{"rendered":"https:\/\/paraodloty.pl\/?page_id=8"},"modified":"2025-06-03T08:36:25","modified_gmt":"2025-06-03T06:36:25","slug":"paraodloty-loty-paralotnia-w-tandemie-z-pasazerami","status":"publish","type":"page","link":"https:\/\/paraodloty.pl\/","title":{"rendered":"Strona g\u0142\u00f3wna"},"content":{"rendered":"\n<div class=\"wp-block-cover alignfull is-light\" style=\"min-height:425px;aspect-ratio:unset;\"><img fetchpriority=\"high\" decoding=\"async\" width=\"2048\" height=\"1151\" class=\"wp-block-cover__image-background wp-image-193\" alt=\"Lot paralotni\u0105 Tr\u00f3jmiasto , loty paralotni\u0105 Tr\u00f3jmiasto, lotparalotni\u0105Tr\u00f3jmiasto, lotyparalotni\u0105Tr\u00f3jmiasto, paraodloty, paralotnie, paralotnia, bartosz kowalski paralotnie\" src=\"https:\/\/paraodloty.pl\/wp-content\/uploads\/2022\/10\/orlowo.jpg\" style=\"object-position:29% 37%\" data-object-fit=\"cover\" data-object-position=\"29% 37%\" srcset=\"https:\/\/paraodloty.pl\/wp-content\/uploads\/2022\/10\/orlowo.jpg 2048w, https:\/\/paraodloty.pl\/wp-content\/uploads\/2022\/10\/orlowo-300x169.jpg 300w, https:\/\/paraodloty.pl\/wp-content\/uploads\/2022\/10\/orlowo-1024x576.jpg 1024w, https:\/\/paraodloty.pl\/wp-content\/uploads\/2022\/10\/orlowo-768x432.jpg 768w, https:\/\/paraodloty.pl\/wp-content\/uploads\/2022\/10\/orlowo-1536x863.jpg 1536w\" sizes=\"(max-width: 2048px) 100vw, 2048px\" \/><span aria-hidden=\"true\" class=\"wp-block-cover__background has-background-dim-0 has-background-dim\"><\/span><div class=\"wp-block-cover__inner-container is-layout-flow wp-block-cover-is-layout-flow\">\n<h3 class=\"wp-block-heading has-text-align-center\"><mark style=\"background-color:rgba(0, 0, 0, 0)\" class=\"has-inline-color has-nv-site-bg-color\">Spe\u0142niamy marzenia o lataniu swobodnym!<\/mark><\/h3>\n\n\n\n<h5 class=\"wp-block-heading has-text-align-center has-nv-site-bg-color has-text-color has-medium-font-size\">Szkoda \u017cycia na chodzenie skoro mo\u017cna lata\u0107:)<\/h5>\n\n\n\n<p class=\"has-text-align-center has-nv-site-bg-color has-text-color has-medium-font-size\"><strong>Latamy ca\u0142y rok!!!<\/strong><\/p>\n\n\n\n<div style=\"height:221px\" aria-hidden=\"true\" class=\"wp-block-spacer\"><\/div>\n\n\n\n<div class=\"wp-block-buttons is-content-justification-center is-layout-flex wp-container-core-buttons-is-layout-16018d1d wp-block-buttons-is-layout-flex\"><\/div>\n\n\n\n<p><\/p>\n\n\n<div class=\"wp-block-image is-style-default\">\n<figure class=\"alignright size-large is-resized\" id=\"Lot-paralotni\u0105,-Lot-paralotni\u0105-Tr\u00f3jmiasto-,-loty-paralotni\u0105-Tr\u00f3jmiasto,-lotparalotni\u0105Tr\u00f3jmiasto,-lotyparalotni\u0105Tr\u00f3jmiasto,-paraodloty,-paralotnie,-paralotnia,-Bartosz-Kowalski-paralotnie\"><img decoding=\"async\" width=\"1024\" height=\"444\" src=\"https:\/\/paraodloty.pl\/wp-content\/uploads\/2022\/11\/315515767_459730996066230_6692532733545521801_n-1024x444.png\" alt=\"Lot paralotni\u0105, Lot paralotni\u0105 Tr\u00f3jmiasto , loty paralotni\u0105 Tr\u00f3jmiasto, lotparalotni\u0105Tr\u00f3jmiasto, lotyparalotni\u0105Tr\u00f3jmiasto, paraodloty, paralotnie, paralotnia, Bartosz Kowalski paralotnie\" class=\"wp-image-457\" style=\"width:164px;height:72px\" title=\"Lot paralotni\u0105, Lot paralotni\u0105 Tr\u00f3jmiasto , loty paralotni\u0105 Tr\u00f3jmiasto, lotparalotni\u0105Tr\u00f3jmiasto, lotyparalotni\u0105Tr\u00f3jmiasto, paraodloty, paralotnie, paralotnia, Bartosz Kowalski paralotnie\" srcset=\"https:\/\/paraodloty.pl\/wp-content\/uploads\/2022\/11\/315515767_459730996066230_6692532733545521801_n-1024x444.png 1024w, https:\/\/paraodloty.pl\/wp-content\/uploads\/2022\/11\/315515767_459730996066230_6692532733545521801_n-300x130.png 300w, https:\/\/paraodloty.pl\/wp-content\/uploads\/2022\/11\/315515767_459730996066230_6692532733545521801_n-768x333.png 768w, https:\/\/paraodloty.pl\/wp-content\/uploads\/2022\/11\/315515767_459730996066230_6692532733545521801_n-1536x666.png 1536w, https:\/\/paraodloty.pl\/wp-content\/uploads\/2022\/11\/315515767_459730996066230_6692532733545521801_n-2048x888.png 2048w\" sizes=\"(max-width: 1024px) 100vw, 1024px\" \/><\/figure>\n<\/div><\/div><\/div>\n\n\n\n<div class=\"wp-block-columns is-layout-flex wp-container-core-columns-is-layout-9d6595d7 wp-block-columns-is-layout-flex\">\n<div class=\"wp-block-column is-layout-flow wp-block-column-is-layout-flow\">\n<h3 class=\"wp-block-heading has-text-align-center has-neve-text-color-color has-text-color\"><em><mark style=\"background-color:rgba(0, 0, 0, 0)\" class=\"has-inline-color has-neve-link-color-color\">Umiarkowane ceny<\/mark><\/em><\/h3>\n\n\n\n<p class=\"has-text-align-center\">Paralotniarstwo to najta\u0144szy ze znanych ludziom sposob\u00f3w na wzbicie si\u0119 w przestworza.<\/p>\n\n\n\n<div style=\"height:20px\" aria-hidden=\"true\" class=\"wp-block-spacer\"><\/div>\n<\/div>\n\n\n\n<div class=\"wp-block-column is-layout-flow wp-block-column-is-layout-flow\">\n<h3 class=\"wp-block-heading has-text-align-center has-neve-text-color-color has-text-color\"><em><mark style=\"background-color:rgba(0, 0, 0, 0)\" class=\"has-inline-color has-neve-link-color-color\">Najwy\u017cszej \u015bwiatowej klasy sprz\u0119t<\/mark><\/em><\/h3>\n\n\n\n<p class=\"has-text-align-center\">Latamy tylko na nowoczesnym, certyfikowanym i atestowanym sprz\u0119cie najlepszych \u015bwiatowych producent\u00f3w, kt\u00f3ry zapewnia nam i naszym pasa\u017cerom maksimum bezpiecze\u0144stwa.<\/p>\n\n\n\n<div style=\"height:20px\" aria-hidden=\"true\" class=\"wp-block-spacer\"><\/div>\n<\/div>\n\n\n\n<div class=\"wp-block-column is-layout-flow wp-block-column-is-layout-flow\">\n<h3 class=\"wp-block-heading has-text-align-center has-neve-text-color-color has-text-color\"><em><mark style=\"background-color:rgba(0, 0, 0, 0)\" class=\"has-inline-color has-neve-link-color-color\">Do\u015bwiadczeni piloci zapewniaj\u0105cy bezpieczne loty<\/mark><\/em><\/h3>\n\n\n\n<p class=\"has-text-align-center\">Do\u015bwiadczenie pilota to podstawa do wykonywania bezpiecznych lot\u00f3w z pasa\u017cerami, a to nasz priorytet.<\/p>\n\n\n\n<div style=\"height:20px\" aria-hidden=\"true\" class=\"wp-block-spacer\"><\/div>\n<\/div>\n<\/div>\n","protected":false},"excerpt":{"rendered":"<p>Umiarkowane ceny Paralotniarstwo to najta\u0144szy ze znanych ludziom sposob\u00f3w na wzbicie si\u0119 w przestworza. Najwy\u017cszej \u015bwiatowej klasy sprz\u0119t Latamy tylko na nowoczesnym, certyfikowanym i atestowanym sprz\u0119cie najlepszych \u015bwiatowych producent\u00f3w, kt\u00f3ry zapewnia nam i naszym pasa\u017cerom maksimum bezpiecze\u0144stwa. Do\u015bwiadczeni piloci zapewniaj\u0105cy bezpieczne loty Do\u015bwiadczenie pilota to podstawa do wykonywania bezpiecznych lot\u00f3w z pasa\u017cerami, a to nasz&hellip;&nbsp;<a href=\"https:\/\/paraodloty.pl\/\" rel=\"bookmark\">Dowiedz si\u0119 wi\u0119cej &raquo;<span class=\"screen-reader-text\">Strona g\u0142\u00f3wna<\/span><\/a><\/p>\n","protected":false},"author":1,"featured_media":418,"parent":0,"menu_order":0,"comment_status":"closed","ping_status":"closed","template":"","meta":{"neve_meta_sidebar":"default","neve_meta_container":"full-width","neve_meta_enable_content_width":"on","neve_meta_content_width":100,"neve_meta_title_alignment":"left","neve_meta_author_avatar":"","neve_post_elements_order":"","neve_meta_disable_header":"off","neve_meta_disable_footer":"","neve_meta_disable_title":"on","footnotes":""},"class_list":["post-8","page","type-page","status-publish","has-post-thumbnail","hentry"],"yoast_head":"<!-- This site is optimized with the Yoast SEO plugin v27.4 - https:\/\/yoast.com\/product\/yoast-seo-wordpress\/ -->\n<title>Strona g\u0142\u00f3wna Szkoda \u017cycia na chodzenie jak mo\u017cna lata\u0107:) Paraodloty<\/title>\n<meta name=\"description\" content=\"Latamy na paralotni z pasa\u017cerami w okolicy Tr\u00f3jmiasta. Spe\u0142niamy odwieczne marzenie naszych go\u015bci o swobodnym wzbiciu si\u0119 w powietrze i poczuciu si\u0119 wolnym jak ptak:) %\" \/>\n<meta name=\"robots\" content=\"index, follow, max-snippet:-1, max-image-preview:large, max-video-preview:-1\" \/>\n<link rel=\"canonical\" href=\"https:\/\/paraodloty.pl\/\" \/>\n<meta property=\"og:locale\" content=\"pl_PL\" \/>\n<meta property=\"og:type\" content=\"article\" \/>\n<meta property=\"og:title\" content=\"Strona g\u0142\u00f3wna Szkoda \u017cycia na chodzenie jak mo\u017cna lata\u0107:) Paraodloty\" \/>\n<meta property=\"og:description\" content=\"Latamy na paralotni z pasa\u017cerami w okolicy Tr\u00f3jmiasta. Spe\u0142niamy odwieczne marzenie naszych go\u015bci o swobodnym wzbiciu si\u0119 w powietrze i poczuciu si\u0119 wolnym jak ptak:) %\" \/>\n<meta property=\"og:url\" content=\"https:\/\/paraodloty.pl\/\" \/>\n<meta property=\"og:site_name\" content=\"Paraodloty\" \/>\n<meta property=\"article:publisher\" content=\"https:\/\/www.facebook.com\/ParaOdloty\" \/>\n<meta property=\"article:modified_time\" content=\"2025-06-03T06:36:25+00:00\" \/>\n<meta property=\"og:image\" content=\"https:\/\/paraodloty.pl\/wp-content\/uploads\/2022\/11\/dziara_21739759161653.jpg\" \/>\n\t<meta property=\"og:image:width\" content=\"1600\" \/>\n\t<meta property=\"og:image:height\" content=\"1066\" \/>\n\t<meta property=\"og:image:type\" content=\"image\/jpeg\" \/>\n<meta name=\"twitter:card\" content=\"summary_large_image\" \/>\n<meta name=\"twitter:label1\" content=\"Szacowany czas czytania\" \/>\n\t<meta name=\"twitter:data1\" content=\"2 minuty\" \/>\n<script type=\"application\/ld+json\" class=\"yoast-schema-graph\">{\"@context\":\"https:\\\/\\\/schema.org\",\"@graph\":[{\"@type\":\"WebPage\",\"@id\":\"https:\\\/\\\/paraodloty.pl\\\/\",\"url\":\"https:\\\/\\\/paraodloty.pl\\\/\",\"name\":\"Strona g\u0142\u00f3wna Szkoda \u017cycia na chodzenie jak mo\u017cna lata\u0107:) Paraodloty\",\"isPartOf\":{\"@id\":\"https:\\\/\\\/paraodloty.pl\\\/#website\"},\"primaryImageOfPage\":{\"@id\":\"https:\\\/\\\/paraodloty.pl\\\/#primaryimage\"},\"image\":{\"@id\":\"https:\\\/\\\/paraodloty.pl\\\/#primaryimage\"},\"thumbnailUrl\":\"https:\\\/\\\/paraodloty.pl\\\/wp-content\\\/uploads\\\/2022\\\/11\\\/dziara_21739759161653.jpg\",\"datePublished\":\"2022-10-09T08:53:23+00:00\",\"dateModified\":\"2025-06-03T06:36:25+00:00\",\"description\":\"Latamy na paralotni z pasa\u017cerami w okolicy Tr\u00f3jmiasta. Spe\u0142niamy odwieczne marzenie naszych go\u015bci o swobodnym wzbiciu si\u0119 w powietrze i poczuciu si\u0119 wolnym jak ptak:) %\",\"breadcrumb\":{\"@id\":\"https:\\\/\\\/paraodloty.pl\\\/#breadcrumb\"},\"inLanguage\":\"pl-PL\",\"potentialAction\":[{\"@type\":\"ReadAction\",\"target\":[\"https:\\\/\\\/paraodloty.pl\\\/\"]}]},{\"@type\":\"ImageObject\",\"inLanguage\":\"pl-PL\",\"@id\":\"https:\\\/\\\/paraodloty.pl\\\/#primaryimage\",\"url\":\"https:\\\/\\\/paraodloty.pl\\\/wp-content\\\/uploads\\\/2022\\\/11\\\/dziara_21739759161653.jpg\",\"contentUrl\":\"https:\\\/\\\/paraodloty.pl\\\/wp-content\\\/uploads\\\/2022\\\/11\\\/dziara_21739759161653.jpg\",\"width\":1600,\"height\":1066},{\"@type\":\"BreadcrumbList\",\"@id\":\"https:\\\/\\\/paraodloty.pl\\\/#breadcrumb\",\"itemListElement\":[{\"@type\":\"ListItem\",\"position\":1,\"name\":\"Home\",\"item\":\"https:\\\/\\\/paraodloty.pl\\\/\"},{\"@type\":\"ListItem\",\"position\":2,\"name\":\"Strona g\u0142\u00f3wna\"}]},{\"@type\":\"WebSite\",\"@id\":\"https:\\\/\\\/paraodloty.pl\\\/#website\",\"url\":\"https:\\\/\\\/paraodloty.pl\\\/\",\"name\":\"Paraodloty\",\"description\":\"Szkoda \u017cycia na chodzenie jak mo\u017cna lata\u0107:)\",\"publisher\":{\"@id\":\"https:\\\/\\\/paraodloty.pl\\\/#organization\"},\"potentialAction\":[{\"@type\":\"SearchAction\",\"target\":{\"@type\":\"EntryPoint\",\"urlTemplate\":\"https:\\\/\\\/paraodloty.pl\\\/?s={search_term_string}\"},\"query-input\":{\"@type\":\"PropertyValueSpecification\",\"valueRequired\":true,\"valueName\":\"search_term_string\"}}],\"inLanguage\":\"pl-PL\"},{\"@type\":\"Organization\",\"@id\":\"https:\\\/\\\/paraodloty.pl\\\/#organization\",\"name\":\"Paraodloty\",\"url\":\"https:\\\/\\\/paraodloty.pl\\\/\",\"logo\":{\"@type\":\"ImageObject\",\"inLanguage\":\"pl-PL\",\"@id\":\"https:\\\/\\\/paraodloty.pl\\\/#\\\/schema\\\/logo\\\/image\\\/\",\"url\":\"https:\\\/\\\/paraodloty.pl\\\/wp-content\\\/uploads\\\/2022\\\/10\\\/logo.jpg\",\"contentUrl\":\"https:\\\/\\\/paraodloty.pl\\\/wp-content\\\/uploads\\\/2022\\\/10\\\/logo.jpg\",\"width\":958,\"height\":802,\"caption\":\"Paraodloty\"},\"image\":{\"@id\":\"https:\\\/\\\/paraodloty.pl\\\/#\\\/schema\\\/logo\\\/image\\\/\"},\"sameAs\":[\"https:\\\/\\\/www.facebook.com\\\/ParaOdloty\"]}]}<\/script>\n<!-- \/ Yoast SEO plugin. -->","yoast_head_json":{"title":"Strona g\u0142\u00f3wna Szkoda \u017cycia na chodzenie jak mo\u017cna lata\u0107:) Paraodloty","description":"Latamy na paralotni z pasa\u017cerami w okolicy Tr\u00f3jmiasta. Spe\u0142niamy odwieczne marzenie naszych go\u015bci o swobodnym wzbiciu si\u0119 w powietrze i poczuciu si\u0119 wolnym jak ptak:) %","robots":{"index":"index","follow":"follow","max-snippet":"max-snippet:-1","max-image-preview":"max-image-preview:large","max-video-preview":"max-video-preview:-1"},"canonical":"https:\/\/paraodloty.pl\/","og_locale":"pl_PL","og_type":"article","og_title":"Strona g\u0142\u00f3wna Szkoda \u017cycia na chodzenie jak mo\u017cna lata\u0107:) Paraodloty","og_description":"Latamy na paralotni z pasa\u017cerami w okolicy Tr\u00f3jmiasta. Spe\u0142niamy odwieczne marzenie naszych go\u015bci o swobodnym wzbiciu si\u0119 w powietrze i poczuciu si\u0119 wolnym jak ptak:) %","og_url":"https:\/\/paraodloty.pl\/","og_site_name":"Paraodloty","article_publisher":"https:\/\/www.facebook.com\/ParaOdloty","article_modified_time":"2025-06-03T06:36:25+00:00","og_image":[{"width":1600,"height":1066,"url":"https:\/\/paraodloty.pl\/wp-content\/uploads\/2022\/11\/dziara_21739759161653.jpg","type":"image\/jpeg"}],"twitter_card":"summary_large_image","twitter_misc":{"Szacowany czas czytania":"2 minuty"},"schema":{"@context":"https:\/\/schema.org","@graph":[{"@type":"WebPage","@id":"https:\/\/paraodloty.pl\/","url":"https:\/\/paraodloty.pl\/","name":"Strona g\u0142\u00f3wna Szkoda \u017cycia na chodzenie jak mo\u017cna lata\u0107:) Paraodloty","isPartOf":{"@id":"https:\/\/paraodloty.pl\/#website"},"primaryImageOfPage":{"@id":"https:\/\/paraodloty.pl\/#primaryimage"},"image":{"@id":"https:\/\/paraodloty.pl\/#primaryimage"},"thumbnailUrl":"https:\/\/paraodloty.pl\/wp-content\/uploads\/2022\/11\/dziara_21739759161653.jpg","datePublished":"2022-10-09T08:53:23+00:00","dateModified":"2025-06-03T06:36:25+00:00","description":"Latamy na paralotni z pasa\u017cerami w okolicy Tr\u00f3jmiasta. Spe\u0142niamy odwieczne marzenie naszych go\u015bci o swobodnym wzbiciu si\u0119 w powietrze i poczuciu si\u0119 wolnym jak ptak:) %","breadcrumb":{"@id":"https:\/\/paraodloty.pl\/#breadcrumb"},"inLanguage":"pl-PL","potentialAction":[{"@type":"ReadAction","target":["https:\/\/paraodloty.pl\/"]}]},{"@type":"ImageObject","inLanguage":"pl-PL","@id":"https:\/\/paraodloty.pl\/#primaryimage","url":"https:\/\/paraodloty.pl\/wp-content\/uploads\/2022\/11\/dziara_21739759161653.jpg","contentUrl":"https:\/\/paraodloty.pl\/wp-content\/uploads\/2022\/11\/dziara_21739759161653.jpg","width":1600,"height":1066},{"@type":"BreadcrumbList","@id":"https:\/\/paraodloty.pl\/#breadcrumb","itemListElement":[{"@type":"ListItem","position":1,"name":"Home","item":"https:\/\/paraodloty.pl\/"},{"@type":"ListItem","position":2,"name":"Strona g\u0142\u00f3wna"}]},{"@type":"WebSite","@id":"https:\/\/paraodloty.pl\/#website","url":"https:\/\/paraodloty.pl\/","name":"Paraodloty","description":"Szkoda \u017cycia na chodzenie jak mo\u017cna lata\u0107:)","publisher":{"@id":"https:\/\/paraodloty.pl\/#organization"},"potentialAction":[{"@type":"SearchAction","target":{"@type":"EntryPoint","urlTemplate":"https:\/\/paraodloty.pl\/?s={search_term_string}"},"query-input":{"@type":"PropertyValueSpecification","valueRequired":true,"valueName":"search_term_string"}}],"inLanguage":"pl-PL"},{"@type":"Organization","@id":"https:\/\/paraodloty.pl\/#organization","name":"Paraodloty","url":"https:\/\/paraodloty.pl\/","logo":{"@type":"ImageObject","inLanguage":"pl-PL","@id":"https:\/\/paraodloty.pl\/#\/schema\/logo\/image\/","url":"https:\/\/paraodloty.pl\/wp-content\/uploads\/2022\/10\/logo.jpg","contentUrl":"https:\/\/paraodloty.pl\/wp-content\/uploads\/2022\/10\/logo.jpg","width":958,"height":802,"caption":"Paraodloty"},"image":{"@id":"https:\/\/paraodloty.pl\/#\/schema\/logo\/image\/"},"sameAs":["https:\/\/www.facebook.com\/ParaOdloty"]}]}},"_links":{"self":[{"href":"https:\/\/paraodloty.pl\/index.php?rest_route=\/wp\/v2\/pages\/8","targetHints":{"allow":["GET"]}}],"collection":[{"href":"https:\/\/paraodloty.pl\/index.php?rest_route=\/wp\/v2\/pages"}],"about":[{"href":"https:\/\/paraodloty.pl\/index.php?rest_route=\/wp\/v2\/types\/page"}],"author":[{"embeddable":true,"href":"https:\/\/paraodloty.pl\/index.php?rest_route=\/wp\/v2\/users\/1"}],"replies":[{"embeddable":true,"href":"https:\/\/paraodloty.pl\/index.php?rest_route=%2Fwp%2Fv2%2Fcomments&post=8"}],"version-history":[{"count":107,"href":"https:\/\/paraodloty.pl\/index.php?rest_route=\/wp\/v2\/pages\/8\/revisions"}],"predecessor-version":[{"id":790,"href":"https:\/\/paraodloty.pl\/index.php?rest_route=\/wp\/v2\/pages\/8\/revisions\/790"}],"wp:featuredmedia":[{"embeddable":true,"href":"https:\/\/paraodloty.pl\/index.php?rest_route=\/wp\/v2\/media\/418"}],"wp:attachment":[{"href":"https:\/\/paraodloty.pl\/index.php?rest_route=%2Fwp%2Fv2%2Fmedia&parent=8"}],"curies":[{"name":"wp","href":"https:\/\/api.w.org\/{rel}","templated":true}]}}